{"id":9764,"date":"2018-11-25T18:42:41","date_gmt":"2018-11-25T18:42:41","guid":{"rendered":"http:\/\/www.misdetallesdeboda.com\/detalles\/?post_type=product&#038;p=9764"},"modified":"2018-11-25T18:42:41","modified_gmt":"2018-11-25T18:42:41","slug":"bolsa-plateada-con-bombones","status":"publish","type":"product","link":"https:\/\/www.misdetallesdeboda.com\/detalles\/producto\/bolsa-plateada-con-bombones\/","title":{"rendered":"Bolsa plateada con bombones"},"content":{"rendered":"<p>Preciosa bolsa de algod\u00f3n de 10x13cm.con dise\u00f1o elegante y festivo gracias a sus l\u00edneas plateadas y al bouquet de estrellas de purpurina. En el interior encontrar\u00e1 3 deliciosos bombones de chocolate con leche al 32% de cacao.<\/p>\n<p>Ideal para regalar en navidad como peque\u00f1o recuerdo navide\u00f1o, recuerdo navidad para alumnos y grupos de amigos<br \/>\nPedido m\u00ednimo 10 unidades<\/p>\n","protected":false},"excerpt":{"rendered":"<p>Preciosa bolsa de algod\u00f3n de 10x13cm.con dise\u00f1o elegante y festivo gracias a sus l\u00edneas plateadas y al bouquet de estrellas de purpurina. En el interior encontrar\u00e1 3 deliciosos bombones de chocolate con leche al 32% [&hellip;]<\/p>\n","protected":false},"featured_media":9765,"template":"","meta":[],"product_brand":[],"product_cat":[283],"product_tag":[],"class_list":{"0":"post-9764","1":"product","2":"type-product","3":"status-publish","4":"has-post-thumbnail","6":"product_cat-navidad","7":"clearfix","9":"first","10":"instock","11":"shipping-taxable","12":"purchasable","13":"product-type-simple"},"_links":{"self":[{"href":"https:\/\/www.misdetallesdeboda.com\/detalles\/wp-json\/wp\/v2\/product\/9764","targetHints":{"allow":["GET"]}}],"collection":[{"href":"https:\/\/www.misdetallesdeboda.com\/detalles\/wp-json\/wp\/v2\/product"}],"about":[{"href":"https:\/\/www.misdetallesdeboda.com\/detalles\/wp-json\/wp\/v2\/types\/product"}],"wp:featuredmedia":[{"embeddable":true,"href":"https:\/\/www.misdetallesdeboda.com\/detalles\/wp-json\/wp\/v2\/media\/9765"}],"wp:attachment":[{"href":"https:\/\/www.misdetallesdeboda.com\/detalles\/wp-json\/wp\/v2\/media?parent=9764"}],"wp:term":[{"taxonomy":"product_brand","embeddable":true,"href":"https:\/\/www.misdetallesdeboda.com\/detalles\/wp-json\/wp\/v2\/product_brand?post=9764"},{"taxonomy":"product_cat","embeddable":true,"href":"https:\/\/www.misdetallesdeboda.com\/detalles\/wp-json\/wp\/v2\/product_cat?post=9764"},{"taxonomy":"product_tag","embeddable":true,"href":"https:\/\/www.misdetallesdeboda.com\/detalles\/wp-json\/wp\/v2\/product_tag?post=9764"}],"curies":[{"name":"wp","href":"https:\/\/api.w.org\/{rel}","templated":true}]}}