{"id":9386,"date":"2018-09-05T16:35:21","date_gmt":"2018-09-05T16:35:21","guid":{"rendered":"http:\/\/www.misdetallesdeboda.com\/detalles\/producto\/cono-bolsa-de-arpillera\/"},"modified":"2022-05-31T18:04:06","modified_gmt":"2022-05-31T18:04:06","slug":"cono-bolsa-de-arpillera","status":"publish","type":"product","link":"https:\/\/www.misdetallesdeboda.com\/detalles\/producto\/cono-bolsa-de-arpillera\/","title":{"rendered":"Cono bolsa de arpillera"},"content":{"rendered":"<p>Cono con cierre de bolsa para disponer el arroz o los p\u00e9talos de rosa de una manera pr\u00e1ctica y elegante. Puede servir como regalo para cada uno de los asistentes a una boda que luego podr\u00e1n guardar como recuerdo de la misma. Muy pr\u00e1ctico porque la parte superior puede cerrarse con lo que el contenido est\u00e1 asegurado. Tambi\u00e9n puede rellenar los conos con unos bombones y regalarlos al final del evento.<br \/>\n15cm de largo<br \/>\nAtenci\u00f3n: arroz: sugerencia de presentaci\u00f3n, se sirve solo el cono-bolsa<\/p>\n<p>Pedido m\u00ednimo 24 unidades, los pedidos deben ser m\u00faltiplos de 12<\/p>\n","protected":false},"excerpt":{"rendered":"<p>Cono con cierre de bolsa para disponer el arroz o los p\u00e9talos de rosa de una manera pr\u00e1ctica y elegante. Puede servir como regalo para cada uno de los asistentes a una boda que luego [&hellip;]<\/p>\n","protected":false},"featured_media":9387,"template":"","meta":[],"product_brand":[],"product_cat":[138],"product_tag":[],"class_list":{"0":"post-9386","1":"product","2":"type-product","3":"status-publish","4":"has-post-thumbnail","6":"product_cat-decoracion-de-yute","7":"clearfix","9":"first","10":"instock","11":"shipping-taxable","12":"purchasable","13":"product-type-simple"},"_links":{"self":[{"href":"https:\/\/www.misdetallesdeboda.com\/detalles\/wp-json\/wp\/v2\/product\/9386","targetHints":{"allow":["GET"]}}],"collection":[{"href":"https:\/\/www.misdetallesdeboda.com\/detalles\/wp-json\/wp\/v2\/product"}],"about":[{"href":"https:\/\/www.misdetallesdeboda.com\/detalles\/wp-json\/wp\/v2\/types\/product"}],"wp:featuredmedia":[{"embeddable":true,"href":"https:\/\/www.misdetallesdeboda.com\/detalles\/wp-json\/wp\/v2\/media\/9387"}],"wp:attachment":[{"href":"https:\/\/www.misdetallesdeboda.com\/detalles\/wp-json\/wp\/v2\/media?parent=9386"}],"wp:term":[{"taxonomy":"product_brand","embeddable":true,"href":"https:\/\/www.misdetallesdeboda.com\/detalles\/wp-json\/wp\/v2\/product_brand?post=9386"},{"taxonomy":"product_cat","embeddable":true,"href":"https:\/\/www.misdetallesdeboda.com\/detalles\/wp-json\/wp\/v2\/product_cat?post=9386"},{"taxonomy":"product_tag","embeddable":true,"href":"https:\/\/www.misdetallesdeboda.com\/detalles\/wp-json\/wp\/v2\/product_tag?post=9386"}],"curies":[{"name":"wp","href":"https:\/\/api.w.org\/{rel}","templated":true}]}}