{"id":9374,"date":"2018-09-05T08:20:45","date_gmt":"2018-09-05T08:20:45","guid":{"rendered":"http:\/\/www.misdetallesdeboda.com\/detalles\/?post_type=product&#038;p=9374"},"modified":"2022-05-31T18:07:29","modified_gmt":"2022-05-31T18:07:29","slug":"cono-de-corcho-para-petalos-de-rosas","status":"publish","type":"product","link":"https:\/\/www.misdetallesdeboda.com\/detalles\/producto\/cono-de-corcho-para-petalos-de-rosas\/","title":{"rendered":"Cono de corcho para p\u00e9talos de rosas"},"content":{"rendered":"<p>Original y delicado cono hecho de corcho para poner los p\u00e9talos de rosas<br \/>\nConos de corcho para ceremonia<br \/>\nMedida: 19,5x7cm.<\/p>\n<p>Pedido m\u00ednimo 24 unidades, los pedidos deben ser m\u00faltiplos de 12<\/p>\n","protected":false},"excerpt":{"rendered":"<p>Original y delicado cono hecho de corcho para poner los p\u00e9talos de rosas Conos de corcho para ceremonia Medida: 19,5x7cm. Pedido m\u00ednimo 24 unidades, los pedidos deben ser m\u00faltiplos de 12<\/p>\n","protected":false},"featured_media":9375,"template":"","meta":[],"product_brand":[],"product_cat":[138],"product_tag":[],"class_list":{"0":"post-9374","1":"product","2":"type-product","3":"status-publish","4":"has-post-thumbnail","6":"product_cat-decoracion-de-yute","7":"clearfix","9":"first","10":"instock","11":"shipping-taxable","12":"purchasable","13":"product-type-simple"},"_links":{"self":[{"href":"https:\/\/www.misdetallesdeboda.com\/detalles\/wp-json\/wp\/v2\/product\/9374","targetHints":{"allow":["GET"]}}],"collection":[{"href":"https:\/\/www.misdetallesdeboda.com\/detalles\/wp-json\/wp\/v2\/product"}],"about":[{"href":"https:\/\/www.misdetallesdeboda.com\/detalles\/wp-json\/wp\/v2\/types\/product"}],"wp:featuredmedia":[{"embeddable":true,"href":"https:\/\/www.misdetallesdeboda.com\/detalles\/wp-json\/wp\/v2\/media\/9375"}],"wp:attachment":[{"href":"https:\/\/www.misdetallesdeboda.com\/detalles\/wp-json\/wp\/v2\/media?parent=9374"}],"wp:term":[{"taxonomy":"product_brand","embeddable":true,"href":"https:\/\/www.misdetallesdeboda.com\/detalles\/wp-json\/wp\/v2\/product_brand?post=9374"},{"taxonomy":"product_cat","embeddable":true,"href":"https:\/\/www.misdetallesdeboda.com\/detalles\/wp-json\/wp\/v2\/product_cat?post=9374"},{"taxonomy":"product_tag","embeddable":true,"href":"https:\/\/www.misdetallesdeboda.com\/detalles\/wp-json\/wp\/v2\/product_tag?post=9374"}],"curies":[{"name":"wp","href":"https:\/\/api.w.org\/{rel}","templated":true}]}}