{"id":7978,"date":"2018-02-28T16:11:06","date_gmt":"2018-02-28T16:11:06","guid":{"rendered":"http:\/\/www.misdetallesdeboda.com\/detalles\/producto\/pinza-balon-de-futbol\/"},"modified":"2023-03-21T17:40:59","modified_gmt":"2023-03-21T17:40:59","slug":"pinza-balon-de-futbol","status":"publish","type":"product","link":"https:\/\/www.misdetallesdeboda.com\/detalles\/producto\/pinza-balon-de-futbol\/","title":{"rendered":"Pinza bal\u00f3n de f\u00fatbol"},"content":{"rendered":"<p>Original pinza de bal\u00f3n blanco y negro para recuerdo de boda bautizo y comuni\u00f3n<\/p>\n<p>Ideal para decorar y regalar <\/p>\n<p>Pedido m\u00ednimo 10 unidades<\/p>\n","protected":false},"excerpt":{"rendered":"<p>Original pinza de bal\u00f3n blanco y negro para recuerdo de boda bautizo y comuni\u00f3n Ideal para decorar y regalar Pedido m\u00ednimo 10 unidades<\/p>\n","protected":false},"featured_media":7979,"template":"","meta":[],"product_brand":[],"product_cat":[30,42],"product_tag":[223],"class_list":{"0":"post-7978","1":"product","2":"type-product","3":"status-publish","4":"has-post-thumbnail","6":"product_cat-boligrafos","7":"product_cat-comunion","8":"product_tag-boda-tematica-futbol","9":"clearfix","11":"first","12":"outofstock","13":"shipping-taxable","14":"purchasable","15":"product-type-simple"},"_links":{"self":[{"href":"https:\/\/www.misdetallesdeboda.com\/detalles\/wp-json\/wp\/v2\/product\/7978","targetHints":{"allow":["GET"]}}],"collection":[{"href":"https:\/\/www.misdetallesdeboda.com\/detalles\/wp-json\/wp\/v2\/product"}],"about":[{"href":"https:\/\/www.misdetallesdeboda.com\/detalles\/wp-json\/wp\/v2\/types\/product"}],"wp:featuredmedia":[{"embeddable":true,"href":"https:\/\/www.misdetallesdeboda.com\/detalles\/wp-json\/wp\/v2\/media\/7979"}],"wp:attachment":[{"href":"https:\/\/www.misdetallesdeboda.com\/detalles\/wp-json\/wp\/v2\/media?parent=7978"}],"wp:term":[{"taxonomy":"product_brand","embeddable":true,"href":"https:\/\/www.misdetallesdeboda.com\/detalles\/wp-json\/wp\/v2\/product_brand?post=7978"},{"taxonomy":"product_cat","embeddable":true,"href":"https:\/\/www.misdetallesdeboda.com\/detalles\/wp-json\/wp\/v2\/product_cat?post=7978"},{"taxonomy":"product_tag","embeddable":true,"href":"https:\/\/www.misdetallesdeboda.com\/detalles\/wp-json\/wp\/v2\/product_tag?post=7978"}],"curies":[{"name":"wp","href":"https:\/\/api.w.org\/{rel}","templated":true}]}}