{"id":7518,"date":"2017-12-04T10:02:07","date_gmt":"2017-12-04T10:02:07","guid":{"rendered":"http:\/\/www.misdetallesdeboda.com\/detalles\/?post_type=product&#038;p=7518"},"modified":"2019-03-13T09:17:04","modified_gmt":"2019-03-13T09:17:04","slug":"cinturon-para-caballero","status":"publish","type":"product","link":"https:\/\/www.misdetallesdeboda.com\/detalles\/producto\/cinturon-para-caballero\/","title":{"rendered":"Cintur\u00f3n para caballeros en bolsa de organza"},"content":{"rendered":"<p>CINTURONES PARA HOMBRES<\/p>\n<p>Correa detalle de boda para caballeros, funci\u00f3n pr\u00e1ctica y est\u00e9tica. <\/p>\n<p>Se sirven surtidos en 5 modelos como la foto<\/p>\n<p>Cintur\u00f3n de tela el\u00e1stico (105 cm.) + bolsa de tull<\/p>\n<p>Pedido m\u00ednimo 10 unidades<\/p>\n","protected":false},"excerpt":{"rendered":"<p>CINTURONES PARA HOMBRES Correa detalle de boda para caballeros, funci\u00f3n pr\u00e1ctica y est\u00e9tica. Se sirven surtidos en 5 modelos como la foto Cintur\u00f3n de tela el\u00e1stico (105 cm.) + bolsa de tull Pedido m\u00ednimo 10 [&hellip;]<\/p>\n","protected":false},"featured_media":10506,"template":"","meta":[],"product_brand":[],"product_cat":[37],"product_tag":[],"class_list":{"0":"post-7518","1":"product","2":"type-product","3":"status-publish","4":"has-post-thumbnail","6":"product_cat-recuerdos_caballeros","7":"clearfix","9":"first","10":"instock","11":"shipping-taxable","12":"purchasable","13":"product-type-simple"},"_links":{"self":[{"href":"https:\/\/www.misdetallesdeboda.com\/detalles\/wp-json\/wp\/v2\/product\/7518","targetHints":{"allow":["GET"]}}],"collection":[{"href":"https:\/\/www.misdetallesdeboda.com\/detalles\/wp-json\/wp\/v2\/product"}],"about":[{"href":"https:\/\/www.misdetallesdeboda.com\/detalles\/wp-json\/wp\/v2\/types\/product"}],"wp:featuredmedia":[{"embeddable":true,"href":"https:\/\/www.misdetallesdeboda.com\/detalles\/wp-json\/wp\/v2\/media\/10506"}],"wp:attachment":[{"href":"https:\/\/www.misdetallesdeboda.com\/detalles\/wp-json\/wp\/v2\/media?parent=7518"}],"wp:term":[{"taxonomy":"product_brand","embeddable":true,"href":"https:\/\/www.misdetallesdeboda.com\/detalles\/wp-json\/wp\/v2\/product_brand?post=7518"},{"taxonomy":"product_cat","embeddable":true,"href":"https:\/\/www.misdetallesdeboda.com\/detalles\/wp-json\/wp\/v2\/product_cat?post=7518"},{"taxonomy":"product_tag","embeddable":true,"href":"https:\/\/www.misdetallesdeboda.com\/detalles\/wp-json\/wp\/v2\/product_tag?post=7518"}],"curies":[{"name":"wp","href":"https:\/\/api.w.org\/{rel}","templated":true}]}}