{"id":7004,"date":"2017-08-24T11:09:56","date_gmt":"2017-08-24T11:09:56","guid":{"rendered":"http:\/\/www.misdetallesdeboda.com\/detalles\/producto\/cuadro-personalizado-signos-astrologicos\/"},"modified":"2019-12-26T20:56:02","modified_gmt":"2019-12-26T20:56:02","slug":"cuadro-personalizado-signos-astrologicos","status":"publish","type":"product","link":"https:\/\/www.misdetallesdeboda.com\/detalles\/producto\/cuadro-personalizado-signos-astrologicos\/","title":{"rendered":"Cuadro personalizado Signos Astrologicos"},"content":{"rendered":"<p>Cuadro constelaci\u00f3n del zodiaco personalizado para regalar a un reci\u00e9n nacido<\/p>\n<p>Cuadro de madera con grabaci\u00f3n laser personalizada del nombre, fecha y lugar de nacimiento, peso y medida del bebe.<\/p>\n<p>Un recuerdo unico que los pap\u00e1s podr\u00e1n colgar en la pared de la habitaci\u00f3n del beb\u00e9<\/p>\n<p>Medida cuadro: 21cm x 29cm<\/p>\n<p>Con cuerda de yute por detr\u00e1s para colgar<\/p>\n<p>Madera barnizada por delante<\/p>\n<p>Un regalo original  para recordar el m\u00e1gico momento del nacimiento por toda la vida<\/p>\n<p>Como comprar: escribir en el apartado de comentarios del pedido los siguientes datos: Nombre, apellidos, fecha y lugar de nacimiento, peso y medida del reci\u00e9n nacido.<\/p>\n","protected":false},"excerpt":{"rendered":"<p>Cuadro constelaci\u00f3n del zodiaco personalizado para regalar a un reci\u00e9n nacido Cuadro de madera con grabaci\u00f3n laser personalizada del nombre, fecha y lugar de nacimiento, peso y medida del bebe. Un recuerdo unico que los [&hellip;]<\/p>\n","protected":false},"featured_media":7008,"template":"","meta":[],"product_brand":[],"product_cat":[26],"product_tag":[],"class_list":{"0":"post-7004","1":"product","2":"type-product","3":"status-publish","4":"has-post-thumbnail","6":"product_cat-recuerdos_bautizo","7":"clearfix","9":"first","10":"outofstock","11":"shipping-taxable","12":"purchasable","13":"product-type-simple"},"_links":{"self":[{"href":"https:\/\/www.misdetallesdeboda.com\/detalles\/wp-json\/wp\/v2\/product\/7004","targetHints":{"allow":["GET"]}}],"collection":[{"href":"https:\/\/www.misdetallesdeboda.com\/detalles\/wp-json\/wp\/v2\/product"}],"about":[{"href":"https:\/\/www.misdetallesdeboda.com\/detalles\/wp-json\/wp\/v2\/types\/product"}],"wp:featuredmedia":[{"embeddable":true,"href":"https:\/\/www.misdetallesdeboda.com\/detalles\/wp-json\/wp\/v2\/media\/7008"}],"wp:attachment":[{"href":"https:\/\/www.misdetallesdeboda.com\/detalles\/wp-json\/wp\/v2\/media?parent=7004"}],"wp:term":[{"taxonomy":"product_brand","embeddable":true,"href":"https:\/\/www.misdetallesdeboda.com\/detalles\/wp-json\/wp\/v2\/product_brand?post=7004"},{"taxonomy":"product_cat","embeddable":true,"href":"https:\/\/www.misdetallesdeboda.com\/detalles\/wp-json\/wp\/v2\/product_cat?post=7004"},{"taxonomy":"product_tag","embeddable":true,"href":"https:\/\/www.misdetallesdeboda.com\/detalles\/wp-json\/wp\/v2\/product_tag?post=7004"}],"curies":[{"name":"wp","href":"https:\/\/api.w.org\/{rel}","templated":true}]}}