{"id":6650,"date":"2017-06-12T17:25:11","date_gmt":"2017-06-12T17:25:11","guid":{"rendered":"http:\/\/www.misdetallesdeboda.com\/detalles\/producto\/fidget-spinner-azul-recuerdo-ninos\/"},"modified":"2023-03-21T17:57:45","modified_gmt":"2023-03-21T17:57:45","slug":"fidget-spinner-azul-recuerdo-ninos","status":"publish","type":"product","link":"https:\/\/www.misdetallesdeboda.com\/detalles\/producto\/fidget-spinner-azul-recuerdo-ninos\/","title":{"rendered":"Fidget spinner colores recuerdo ni\u00f1os"},"content":{"rendered":"<p>Fidget spinner la ultima moda en diversi\u00f3n para recuerdo de boda y comuni\u00f3n<\/p>\n<p>Un recuerdo para los ni\u00f1os que seguro acertar\u00e1s<\/p>\n<p>Presentado en cajita de cart\u00f3n<\/p>\n<p>Medidas:7,5 x 7,5 x 1,2\u00a0cm<\/p>\n<p>Pedido m\u00ednimo 10 unidades<\/p>\n<p>Colores disponibles: azul, blanco, rojo, amarillo y verde Especificar color en apartado comentarios del pedido<\/p>\n","protected":false},"excerpt":{"rendered":"<p>Fidget spinner la ultima moda en diversi\u00f3n para recuerdo de boda y comuni\u00f3n Un recuerdo para los ni\u00f1os que seguro acertar\u00e1s Presentado en cajita de cart\u00f3n Medidas:7,5 x 7,5 x 1,2\u00a0cm Pedido m\u00ednimo 10 unidades [&hellip;]<\/p>\n","protected":false},"featured_media":6644,"template":"","meta":[],"product_brand":[],"product_cat":[42,39],"product_tag":[],"class_list":{"0":"post-6650","1":"product","2":"type-product","3":"status-publish","4":"has-post-thumbnail","6":"product_cat-comunion","7":"product_cat-regalosoriginales","8":"clearfix","10":"first","11":"outofstock","12":"shipping-taxable","13":"purchasable","14":"product-type-simple"},"_links":{"self":[{"href":"https:\/\/www.misdetallesdeboda.com\/detalles\/wp-json\/wp\/v2\/product\/6650","targetHints":{"allow":["GET"]}}],"collection":[{"href":"https:\/\/www.misdetallesdeboda.com\/detalles\/wp-json\/wp\/v2\/product"}],"about":[{"href":"https:\/\/www.misdetallesdeboda.com\/detalles\/wp-json\/wp\/v2\/types\/product"}],"wp:featuredmedia":[{"embeddable":true,"href":"https:\/\/www.misdetallesdeboda.com\/detalles\/wp-json\/wp\/v2\/media\/6644"}],"wp:attachment":[{"href":"https:\/\/www.misdetallesdeboda.com\/detalles\/wp-json\/wp\/v2\/media?parent=6650"}],"wp:term":[{"taxonomy":"product_brand","embeddable":true,"href":"https:\/\/www.misdetallesdeboda.com\/detalles\/wp-json\/wp\/v2\/product_brand?post=6650"},{"taxonomy":"product_cat","embeddable":true,"href":"https:\/\/www.misdetallesdeboda.com\/detalles\/wp-json\/wp\/v2\/product_cat?post=6650"},{"taxonomy":"product_tag","embeddable":true,"href":"https:\/\/www.misdetallesdeboda.com\/detalles\/wp-json\/wp\/v2\/product_tag?post=6650"}],"curies":[{"name":"wp","href":"https:\/\/api.w.org\/{rel}","templated":true}]}}