{"id":6449,"date":"2017-05-22T15:27:44","date_gmt":"2017-05-22T15:27:44","guid":{"rendered":"http:\/\/www.misdetallesdeboda.com\/detalles\/?post_type=product&#038;p=6449"},"modified":"2025-11-03T15:46:07","modified_gmt":"2025-11-03T15:46:07","slug":"saco-rustico-para-botella-de-yute-blanco-varios-tamanos","status":"publish","type":"product","link":"https:\/\/www.misdetallesdeboda.com\/detalles\/producto\/saco-rustico-para-botella-de-yute-blanco-varios-tamanos\/","title":{"rendered":"Saco  rustico para botella de yute blanco + tarjeta personalizada"},"content":{"rendered":"<p>Exclusivo saco para botella de vino hecho de yute (arpillera) color blanco para presentar botellas recuerdos de boda.<\/p>\n<p>Acompa\u00f1a cord\u00f3n yute para atar la boca del saco<\/p>\n<p>PARA PEDIDOS DE M\u00c1S DE 30 UNIDADES, GRATIS TARJETA RECORDATORIA PERSONALIZADA<\/p>\n<p>El saco tiene costuras remalladas por fuera en color marr\u00f3n o blanca y boca con flecos<\/p>\n<p>Atenci\u00f3n disponemos de 3 tama\u00f1os:<\/p>\n<p>Tama\u00f1os:<\/p>\n<p>30cm de largo X 13cm de ancho. Sirve para botellas de hasta 6cm de di\u00e1metro de la base, suelen ser botellas de 37,5cl o tres octavos<\/p>\n<p>34 cm de largo X 14 cm de ancho. Sirve para botellas de hasta 7 cm de di\u00e1metro de la base, suelen ser botellas de 75cl o tres cuartos<\/p>\n<p>35 cm de largo X 15,5 cm de ancho. Sirve para botellas de hasta 8 cm de di\u00e1metro de la base, suelen ser botellas de 1 litro<\/p>\n<p>*Hay que tener en cuenta que 2cm del ancho son para las costuras*<\/p>\n<p>Para los que buscan una decoraci\u00f3n rustica y \u00fanica para las botellas de vino de la boda<\/p>\n<p>Pedido m\u00ednimo 15 unidades.<\/p>\n","protected":false},"excerpt":{"rendered":"<p>Exclusivo saco para botella de vino hecho de yute (arpillera) color blanco para presentar botellas recuerdos de boda. Acompa\u00f1a cord\u00f3n yute para atar la boca del saco PARA PEDIDOS DE M\u00c1S DE 30 UNIDADES, GRATIS [&hellip;]<\/p>\n","protected":false},"featured_media":6451,"template":"","meta":[],"product_brand":[],"product_cat":[137],"product_tag":[],"class_list":{"0":"post-6449","1":"product","2":"type-product","3":"status-publish","4":"has-post-thumbnail","6":"product_cat-bolsas-de-yute","7":"clearfix","9":"first","10":"outofstock","11":"shipping-taxable","12":"purchasable","13":"product-type-variable"},"_links":{"self":[{"href":"https:\/\/www.misdetallesdeboda.com\/detalles\/wp-json\/wp\/v2\/product\/6449","targetHints":{"allow":["GET"]}}],"collection":[{"href":"https:\/\/www.misdetallesdeboda.com\/detalles\/wp-json\/wp\/v2\/product"}],"about":[{"href":"https:\/\/www.misdetallesdeboda.com\/detalles\/wp-json\/wp\/v2\/types\/product"}],"wp:featuredmedia":[{"embeddable":true,"href":"https:\/\/www.misdetallesdeboda.com\/detalles\/wp-json\/wp\/v2\/media\/6451"}],"wp:attachment":[{"href":"https:\/\/www.misdetallesdeboda.com\/detalles\/wp-json\/wp\/v2\/media?parent=6449"}],"wp:term":[{"taxonomy":"product_brand","embeddable":true,"href":"https:\/\/www.misdetallesdeboda.com\/detalles\/wp-json\/wp\/v2\/product_brand?post=6449"},{"taxonomy":"product_cat","embeddable":true,"href":"https:\/\/www.misdetallesdeboda.com\/detalles\/wp-json\/wp\/v2\/product_cat?post=6449"},{"taxonomy":"product_tag","embeddable":true,"href":"https:\/\/www.misdetallesdeboda.com\/detalles\/wp-json\/wp\/v2\/product_tag?post=6449"}],"curies":[{"name":"wp","href":"https:\/\/api.w.org\/{rel}","templated":true}]}}