{"id":5038,"date":"2016-11-02T11:06:36","date_gmt":"2016-11-02T11:06:36","guid":{"rendered":"http:\/\/www.misdetallesdeboda.com\/detalles\/producto\/saco-rustico-con-cordones-para-el-cierre-1litro\/"},"modified":"2023-03-17T17:14:32","modified_gmt":"2023-03-17T17:14:32","slug":"saco-rustico-con-cordones-para-el-cierre-1litro","status":"publish","type":"product","link":"https:\/\/www.misdetallesdeboda.com\/detalles\/producto\/saco-rustico-con-cordones-para-el-cierre-1litro\/","title":{"rendered":"Saco rustico para botella con flecos varios tama\u00f1os"},"content":{"rendered":"<p>Saco de arpillera rustico para botella de vino, para presentar botellas recuerdos de boda.<\/p>\n<p>Acompa\u00f1a cord\u00f3n de yute para atar el lazo<\/p>\n<p>Costuras interiores, tiene flecos en la parte de arriba<\/p>\n<p>Atenci\u00f3n disponemos de 4 tama\u00f1os:<\/p>\n<p>Tama\u00f1os:<\/p>\n<p>-25cm de largo X 10cm de ancho. Sirve para mini botellitas de hasta 5cm de diametro de la base, suelen ser botellas benjam\u00edn de 18,5 cl de vino.<\/p>\n<p>-28cm de largo X 11cm de ancho. Sirve para botellas de hasta 6cm de diametro de la base, suelen ser botellas de 37,5cl o tres octavos<\/p>\n<p>-34 cm de largo X 12 cm de ancho. Sirve para botellas de hasta 7 cm de diametro de la base, suelen ser botellas de 75cl o tres cuartos<\/p>\n<p>-36 cm de largo X 13,5 cm de ancho. Sirve para botellas de hasta 8 cm de diametro de la base, suelen ser botellas de 1 litro<\/p>\n<p>SELECCIONAR TAMA\u00d1O EN LISTADO DESPLEGABLE ARRIBA<\/p>\n<p>Para los que buscan una decoraci\u00f3n rustica y unica para las botellas de vino de la boda<\/p>\n<p>Costura interior<\/p>\n<p>Pedido m\u00ednimo 25 unidades<\/p>\n<p>&nbsp;<\/p>\n","protected":false},"excerpt":{"rendered":"<p>Saco de arpillera rustico para botella de vino, para presentar botellas recuerdos de boda. Acompa\u00f1a cord\u00f3n de yute para atar el lazo Costuras interiores, tiene flecos en la parte de arriba Atenci\u00f3n disponemos de 4 [&hellip;]<\/p>\n","protected":false},"featured_media":6587,"template":"","meta":[],"product_brand":[],"product_cat":[137],"product_tag":[207],"class_list":{"0":"post-5038","1":"product","2":"type-product","3":"status-publish","4":"has-post-thumbnail","6":"product_cat-bolsas-de-yute","7":"product_tag-boda-tematica-rustica","8":"clearfix","10":"first","11":"instock","12":"shipping-taxable","13":"purchasable","14":"product-type-variable"},"_links":{"self":[{"href":"https:\/\/www.misdetallesdeboda.com\/detalles\/wp-json\/wp\/v2\/product\/5038","targetHints":{"allow":["GET"]}}],"collection":[{"href":"https:\/\/www.misdetallesdeboda.com\/detalles\/wp-json\/wp\/v2\/product"}],"about":[{"href":"https:\/\/www.misdetallesdeboda.com\/detalles\/wp-json\/wp\/v2\/types\/product"}],"wp:featuredmedia":[{"embeddable":true,"href":"https:\/\/www.misdetallesdeboda.com\/detalles\/wp-json\/wp\/v2\/media\/6587"}],"wp:attachment":[{"href":"https:\/\/www.misdetallesdeboda.com\/detalles\/wp-json\/wp\/v2\/media?parent=5038"}],"wp:term":[{"taxonomy":"product_brand","embeddable":true,"href":"https:\/\/www.misdetallesdeboda.com\/detalles\/wp-json\/wp\/v2\/product_brand?post=5038"},{"taxonomy":"product_cat","embeddable":true,"href":"https:\/\/www.misdetallesdeboda.com\/detalles\/wp-json\/wp\/v2\/product_cat?post=5038"},{"taxonomy":"product_tag","embeddable":true,"href":"https:\/\/www.misdetallesdeboda.com\/detalles\/wp-json\/wp\/v2\/product_tag?post=5038"}],"curies":[{"name":"wp","href":"https:\/\/api.w.org\/{rel}","templated":true}]}}