{"id":4764,"date":"2016-08-09T15:00:54","date_gmt":"2016-08-09T15:00:54","guid":{"rendered":"http:\/\/www.misdetallesdeboda.com\/detalles\/?post_type=product&#038;p=4764"},"modified":"2019-06-06T15:21:17","modified_gmt":"2019-06-06T15:21:17","slug":"abanico-de-sandalo-embalado-y-decorado","status":"publish","type":"product","link":"https:\/\/www.misdetallesdeboda.com\/detalles\/producto\/abanico-de-sandalo-embalado-y-decorado\/","title":{"rendered":"Llavero abrebotellas F1 en cajita con bol\u00edgrafo"},"content":{"rendered":"<p>Abrebotellas y llavero en forma de coche de F1 m\u00e1s mini bol\u00edgrafo en cajita de regalo.<\/p>\n<p>Ideal para las bodas tem\u00e1tica coches<\/p>\n<p>Un detalle util que seguramente no se quedar\u00e1 olvidado en un caj\u00f3n.<\/p>\n<p>Pedido m\u00ednimo 15 unidades<\/p>\n","protected":false},"excerpt":{"rendered":"<p>Abrebotellas y llavero en forma de coche de F1 m\u00e1s mini bol\u00edgrafo en cajita de regalo. Ideal para las bodas tem\u00e1tica coches Un detalle util que seguramente no se quedar\u00e1 olvidado en un caj\u00f3n. Pedido [&hellip;]<\/p>\n","protected":false},"featured_media":5236,"template":"","meta":[],"product_brand":[],"product_cat":[19,51],"product_tag":[251],"class_list":{"0":"post-4764","1":"product","2":"type-product","3":"status-publish","4":"has-post-thumbnail","6":"product_cat-abrebotellas","7":"product_cat-llaveros","8":"product_tag-boda-tematica-coches","9":"clearfix","11":"first","12":"instock","13":"shipping-taxable","14":"purchasable","15":"product-type-simple"},"_links":{"self":[{"href":"https:\/\/www.misdetallesdeboda.com\/detalles\/wp-json\/wp\/v2\/product\/4764","targetHints":{"allow":["GET"]}}],"collection":[{"href":"https:\/\/www.misdetallesdeboda.com\/detalles\/wp-json\/wp\/v2\/product"}],"about":[{"href":"https:\/\/www.misdetallesdeboda.com\/detalles\/wp-json\/wp\/v2\/types\/product"}],"wp:featuredmedia":[{"embeddable":true,"href":"https:\/\/www.misdetallesdeboda.com\/detalles\/wp-json\/wp\/v2\/media\/5236"}],"wp:attachment":[{"href":"https:\/\/www.misdetallesdeboda.com\/detalles\/wp-json\/wp\/v2\/media?parent=4764"}],"wp:term":[{"taxonomy":"product_brand","embeddable":true,"href":"https:\/\/www.misdetallesdeboda.com\/detalles\/wp-json\/wp\/v2\/product_brand?post=4764"},{"taxonomy":"product_cat","embeddable":true,"href":"https:\/\/www.misdetallesdeboda.com\/detalles\/wp-json\/wp\/v2\/product_cat?post=4764"},{"taxonomy":"product_tag","embeddable":true,"href":"https:\/\/www.misdetallesdeboda.com\/detalles\/wp-json\/wp\/v2\/product_tag?post=4764"}],"curies":[{"name":"wp","href":"https:\/\/api.w.org\/{rel}","templated":true}]}}