{"id":3704,"date":"2016-02-21T14:14:38","date_gmt":"2016-02-21T14:14:38","guid":{"rendered":"http:\/\/www.misdetallesdeboda.com\/detalles\/?post_type=product&#038;p=3704"},"modified":"2019-03-12T10:08:26","modified_gmt":"2019-03-12T10:08:26","slug":"hucha-maleta-retro-sur","status":"publish","type":"product","link":"https:\/\/www.misdetallesdeboda.com\/detalles\/producto\/hucha-maleta-retro-sur\/","title":{"rendered":"Hucha Unicornio recuerdo comuni\u00f3n"},"content":{"rendered":"<p>Hucha de cer\u00e1mica en forma de unicornio para recuerdo de comuni\u00f3n<\/p>\n<p>Se sirven surtidas en 3 colores. \/ Precio unitario.<\/p>\n<p>Presentado en caja de cart\u00f3n kraft.<\/p>\n<p>Medidas caja: 13,5cm alto x 14cm largo x 5,5cm grosor.<\/p>\n<p>Medidas hucha: 14cm alto x 7,5cm largo<\/p>\n<p>Pedido m\u00ednimo 10 unidades. <\/p>\n","protected":false},"excerpt":{"rendered":"<p>Hucha de cer\u00e1mica en forma de unicornio para recuerdo de comuni\u00f3n Se sirven surtidas en 3 colores. \/ Precio unitario. Presentado en caja de cart\u00f3n kraft. Medidas caja: 13,5cm alto x 14cm largo x 5,5cm [&hellip;]<\/p>\n","protected":false},"featured_media":10469,"template":"","meta":[],"product_brand":[],"product_cat":[158],"product_tag":[165,284],"class_list":{"0":"post-3704","1":"product","2":"type-product","3":"status-publish","4":"has-post-thumbnail","6":"product_cat-huchas","7":"product_tag-comunion-nina","8":"product_tag-tematica-unicornio","9":"clearfix","11":"first","12":"instock","13":"shipping-taxable","14":"purchasable","15":"product-type-simple"},"_links":{"self":[{"href":"https:\/\/www.misdetallesdeboda.com\/detalles\/wp-json\/wp\/v2\/product\/3704","targetHints":{"allow":["GET"]}}],"collection":[{"href":"https:\/\/www.misdetallesdeboda.com\/detalles\/wp-json\/wp\/v2\/product"}],"about":[{"href":"https:\/\/www.misdetallesdeboda.com\/detalles\/wp-json\/wp\/v2\/types\/product"}],"wp:featuredmedia":[{"embeddable":true,"href":"https:\/\/www.misdetallesdeboda.com\/detalles\/wp-json\/wp\/v2\/media\/10469"}],"wp:attachment":[{"href":"https:\/\/www.misdetallesdeboda.com\/detalles\/wp-json\/wp\/v2\/media?parent=3704"}],"wp:term":[{"taxonomy":"product_brand","embeddable":true,"href":"https:\/\/www.misdetallesdeboda.com\/detalles\/wp-json\/wp\/v2\/product_brand?post=3704"},{"taxonomy":"product_cat","embeddable":true,"href":"https:\/\/www.misdetallesdeboda.com\/detalles\/wp-json\/wp\/v2\/product_cat?post=3704"},{"taxonomy":"product_tag","embeddable":true,"href":"https:\/\/www.misdetallesdeboda.com\/detalles\/wp-json\/wp\/v2\/product_tag?post=3704"}],"curies":[{"name":"wp","href":"https:\/\/api.w.org\/{rel}","templated":true}]}}