{"id":3700,"date":"2016-02-21T12:26:42","date_gmt":"2016-02-21T12:26:42","guid":{"rendered":"http:\/\/www.misdetallesdeboda.com\/detalles\/?post_type=product&#038;p=3700"},"modified":"2016-02-29T16:36:24","modified_gmt":"2016-02-29T16:36:24","slug":"caja-negra-con-multiusos-y-boligrafo","status":"publish","type":"product","link":"https:\/\/www.misdetallesdeboda.com\/detalles\/producto\/caja-negra-con-multiusos-y-boligrafo\/","title":{"rendered":"Caja Negra con multiusos y bol\u00edgrafo"},"content":{"rendered":"<p>Elegante caja negra con multiusos plateado y bol\u00edgrafo para recuerdo de caballeros<br \/>\nPedido m\u00ednimo 10 unidades<br \/>\nPara pedidos de m\u00e1s de 30 unidades, etiqueta adhesiva personalizada gratis<\/p>\n","protected":false},"excerpt":{"rendered":"<p>Elegante caja negra con multiusos plateado y bol\u00edgrafo para recuerdo de caballeros Pedido m\u00ednimo 10 unidades Para pedidos de m\u00e1s de 30 unidades, etiqueta adhesiva personalizada gratis<\/p>\n","protected":false},"featured_media":3701,"template":"","meta":[],"product_brand":[],"product_cat":[30,37],"product_tag":[],"class_list":{"0":"post-3700","1":"product","2":"type-product","3":"status-publish","4":"has-post-thumbnail","6":"product_cat-boligrafos","7":"product_cat-recuerdos_caballeros","8":"clearfix","10":"first","11":"instock","12":"shipping-taxable","13":"purchasable","14":"product-type-simple"},"_links":{"self":[{"href":"https:\/\/www.misdetallesdeboda.com\/detalles\/wp-json\/wp\/v2\/product\/3700","targetHints":{"allow":["GET"]}}],"collection":[{"href":"https:\/\/www.misdetallesdeboda.com\/detalles\/wp-json\/wp\/v2\/product"}],"about":[{"href":"https:\/\/www.misdetallesdeboda.com\/detalles\/wp-json\/wp\/v2\/types\/product"}],"wp:featuredmedia":[{"embeddable":true,"href":"https:\/\/www.misdetallesdeboda.com\/detalles\/wp-json\/wp\/v2\/media\/3701"}],"wp:attachment":[{"href":"https:\/\/www.misdetallesdeboda.com\/detalles\/wp-json\/wp\/v2\/media?parent=3700"}],"wp:term":[{"taxonomy":"product_brand","embeddable":true,"href":"https:\/\/www.misdetallesdeboda.com\/detalles\/wp-json\/wp\/v2\/product_brand?post=3700"},{"taxonomy":"product_cat","embeddable":true,"href":"https:\/\/www.misdetallesdeboda.com\/detalles\/wp-json\/wp\/v2\/product_cat?post=3700"},{"taxonomy":"product_tag","embeddable":true,"href":"https:\/\/www.misdetallesdeboda.com\/detalles\/wp-json\/wp\/v2\/product_tag?post=3700"}],"curies":[{"name":"wp","href":"https:\/\/api.w.org\/{rel}","templated":true}]}}