{"id":3654,"date":"2016-02-19T21:01:32","date_gmt":"2016-02-19T21:01:32","guid":{"rendered":"http:\/\/www.misdetallesdeboda.com\/detalles\/?post_type=product&#038;p=3654"},"modified":"2018-09-24T15:22:55","modified_gmt":"2018-09-24T15:22:55","slug":"medalla-olimpica-de-chocolate","status":"publish","type":"product","link":"https:\/\/www.misdetallesdeboda.com\/detalles\/producto\/medalla-olimpica-de-chocolate\/","title":{"rendered":"Estuche napolitanas y llavero recuerdo comuni\u00f3n"},"content":{"rendered":"<p>Pr\u00e1ctico llavero de metal reluciente con forma de cruz en caja y con dos bombones de chocolate.<br \/>\nLos llaveros son un magn\u00edfico regalo para sus invitados porque adem\u00e1s de bonitos son muy pr\u00e1cticos para no perder las llaves.<br \/>\nUn recuerdo muy completo y bien presentado, listo para entregar a los invitados<br \/>\nPedido m\u00ednimo 15 unidades <\/p>\n","protected":false},"excerpt":{"rendered":"<p>Pr\u00e1ctico llavero de metal reluciente con forma de cruz en caja y con dos bombones de chocolate. Los llaveros son un magn\u00edfico regalo para sus invitados porque adem\u00e1s de bonitos son muy pr\u00e1cticos para no [&hellip;]<\/p>\n","protected":false},"featured_media":9528,"template":"","meta":[],"product_brand":[],"product_cat":[25],"product_tag":[],"class_list":{"0":"post-3654","1":"product","2":"type-product","3":"status-publish","4":"has-post-thumbnail","6":"product_cat-bombones","7":"clearfix","9":"first","10":"instock","11":"shipping-taxable","12":"purchasable","13":"product-type-simple"},"_links":{"self":[{"href":"https:\/\/www.misdetallesdeboda.com\/detalles\/wp-json\/wp\/v2\/product\/3654","targetHints":{"allow":["GET"]}}],"collection":[{"href":"https:\/\/www.misdetallesdeboda.com\/detalles\/wp-json\/wp\/v2\/product"}],"about":[{"href":"https:\/\/www.misdetallesdeboda.com\/detalles\/wp-json\/wp\/v2\/types\/product"}],"wp:featuredmedia":[{"embeddable":true,"href":"https:\/\/www.misdetallesdeboda.com\/detalles\/wp-json\/wp\/v2\/media\/9528"}],"wp:attachment":[{"href":"https:\/\/www.misdetallesdeboda.com\/detalles\/wp-json\/wp\/v2\/media?parent=3654"}],"wp:term":[{"taxonomy":"product_brand","embeddable":true,"href":"https:\/\/www.misdetallesdeboda.com\/detalles\/wp-json\/wp\/v2\/product_brand?post=3654"},{"taxonomy":"product_cat","embeddable":true,"href":"https:\/\/www.misdetallesdeboda.com\/detalles\/wp-json\/wp\/v2\/product_cat?post=3654"},{"taxonomy":"product_tag","embeddable":true,"href":"https:\/\/www.misdetallesdeboda.com\/detalles\/wp-json\/wp\/v2\/product_tag?post=3654"}],"curies":[{"name":"wp","href":"https:\/\/api.w.org\/{rel}","templated":true}]}}