{"id":3645,"date":"2016-02-19T17:39:11","date_gmt":"2016-02-19T17:39:11","guid":{"rendered":"http:\/\/www.misdetallesdeboda.com\/detalles\/producto\/estuche-de-madera-con-boligrafo-rojo-y-plata\/"},"modified":"2021-04-27T11:02:40","modified_gmt":"2021-04-27T11:02:40","slug":"estuche-de-madera-con-boligrafo-rojo-y-plata","status":"publish","type":"product","link":"https:\/\/www.misdetallesdeboda.com\/detalles\/producto\/estuche-de-madera-con-boligrafo-rojo-y-plata\/","title":{"rendered":"Estuche de madera con bol\u00edgrafo rojo y plata"},"content":{"rendered":"<p>Estuche de madera con boligrafo  rojo  como la foto<\/p>\n<p>Un recuerdo cl\u00e1sico y \u00fatil que todos los invitados de su boda, bautizo o comuni\u00f3n agradecer\u00e1n.<br \/>\nPedido m\u00ednimo 10 unidades<\/p>\n","protected":false},"excerpt":{"rendered":"<p>Estuche de madera con boligrafo rojo como la foto Un recuerdo cl\u00e1sico y \u00fatil que todos los invitados de su boda, bautizo o comuni\u00f3n agradecer\u00e1n. Pedido m\u00ednimo 10 unidades<\/p>\n","protected":false},"featured_media":3646,"template":"","meta":[],"product_brand":[],"product_cat":[30,37],"product_tag":[],"class_list":{"0":"post-3645","1":"product","2":"type-product","3":"status-publish","4":"has-post-thumbnail","6":"product_cat-boligrafos","7":"product_cat-recuerdos_caballeros","8":"clearfix","10":"first","11":"instock","12":"shipping-taxable","13":"purchasable","14":"product-type-simple"},"_links":{"self":[{"href":"https:\/\/www.misdetallesdeboda.com\/detalles\/wp-json\/wp\/v2\/product\/3645","targetHints":{"allow":["GET"]}}],"collection":[{"href":"https:\/\/www.misdetallesdeboda.com\/detalles\/wp-json\/wp\/v2\/product"}],"about":[{"href":"https:\/\/www.misdetallesdeboda.com\/detalles\/wp-json\/wp\/v2\/types\/product"}],"wp:featuredmedia":[{"embeddable":true,"href":"https:\/\/www.misdetallesdeboda.com\/detalles\/wp-json\/wp\/v2\/media\/3646"}],"wp:attachment":[{"href":"https:\/\/www.misdetallesdeboda.com\/detalles\/wp-json\/wp\/v2\/media?parent=3645"}],"wp:term":[{"taxonomy":"product_brand","embeddable":true,"href":"https:\/\/www.misdetallesdeboda.com\/detalles\/wp-json\/wp\/v2\/product_brand?post=3645"},{"taxonomy":"product_cat","embeddable":true,"href":"https:\/\/www.misdetallesdeboda.com\/detalles\/wp-json\/wp\/v2\/product_cat?post=3645"},{"taxonomy":"product_tag","embeddable":true,"href":"https:\/\/www.misdetallesdeboda.com\/detalles\/wp-json\/wp\/v2\/product_tag?post=3645"}],"curies":[{"name":"wp","href":"https:\/\/api.w.org\/{rel}","templated":true}]}}