{"id":3250,"date":"2016-01-24T11:21:12","date_gmt":"2016-01-24T11:21:12","guid":{"rendered":"http:\/\/www.misdetallesdeboda.com\/detalles\/?post_type=product&#038;p=3250"},"modified":"2020-02-17T17:54:09","modified_gmt":"2020-02-17T17:54:09","slug":"pinza-255-aniversario-bodas-de-plata","status":"publish","type":"product","link":"https:\/\/www.misdetallesdeboda.com\/detalles\/producto\/pinza-255-aniversario-bodas-de-plata\/","title":{"rendered":"Pinza 25 aniversario bodas de plata"},"content":{"rendered":"<p>Preciosa pinza pintada en color dorado con el n\u00famero 25<br \/>\nPara adordar cualquier detalle de la celebraci\u00f3n de las bodas de plata<br \/>\nPedido m\u00ednimo 25 unidades, los pedidos deben ser m\u00faltiplos de 5<\/p>\n","protected":false},"excerpt":{"rendered":"<p>Preciosa pinza pintada en color dorado con el n\u00famero 25 Para adordar cualquier detalle de la celebraci\u00f3n de las bodas de plata Pedido m\u00ednimo 25 unidades, los pedidos deben ser m\u00faltiplos de 5<\/p>\n","protected":false},"featured_media":3251,"template":"","meta":[],"product_brand":[],"product_cat":[82,50],"product_tag":[193],"class_list":{"0":"post-3250","1":"product","2":"type-product","3":"status-publish","4":"has-post-thumbnail","6":"product_cat-decoracion","7":"product_cat-plata","8":"product_tag-bodas-de-plata","9":"clearfix","11":"first","12":"instock","13":"shipping-taxable","14":"purchasable","15":"product-type-simple"},"_links":{"self":[{"href":"https:\/\/www.misdetallesdeboda.com\/detalles\/wp-json\/wp\/v2\/product\/3250","targetHints":{"allow":["GET"]}}],"collection":[{"href":"https:\/\/www.misdetallesdeboda.com\/detalles\/wp-json\/wp\/v2\/product"}],"about":[{"href":"https:\/\/www.misdetallesdeboda.com\/detalles\/wp-json\/wp\/v2\/types\/product"}],"wp:featuredmedia":[{"embeddable":true,"href":"https:\/\/www.misdetallesdeboda.com\/detalles\/wp-json\/wp\/v2\/media\/3251"}],"wp:attachment":[{"href":"https:\/\/www.misdetallesdeboda.com\/detalles\/wp-json\/wp\/v2\/media?parent=3250"}],"wp:term":[{"taxonomy":"product_brand","embeddable":true,"href":"https:\/\/www.misdetallesdeboda.com\/detalles\/wp-json\/wp\/v2\/product_brand?post=3250"},{"taxonomy":"product_cat","embeddable":true,"href":"https:\/\/www.misdetallesdeboda.com\/detalles\/wp-json\/wp\/v2\/product_cat?post=3250"},{"taxonomy":"product_tag","embeddable":true,"href":"https:\/\/www.misdetallesdeboda.com\/detalles\/wp-json\/wp\/v2\/product_tag?post=3250"}],"curies":[{"name":"wp","href":"https:\/\/api.w.org\/{rel}","templated":true}]}}