{"id":14484,"date":"2025-02-24T11:44:50","date_gmt":"2025-02-24T11:44:50","guid":{"rendered":"https:\/\/www.misdetallesdeboda.com\/detalles\/?post_type=product&#038;p=14484"},"modified":"2025-09-07T06:44:12","modified_gmt":"2025-09-07T06:44:12","slug":"abanico-personalizado-con-foto-dibujos-azules-minimalista","status":"publish","type":"product","link":"https:\/\/www.misdetallesdeboda.com\/detalles\/producto\/abanico-personalizado-con-foto-dibujos-azules-minimalista\/","title":{"rendered":"Abanico personalizado con foto original"},"content":{"rendered":"<p>Original abanico, modelo formas geom\u00e9tricas y flores azules, personalizado con foto para recuerdo de comuni\u00f3n.<\/p>\n<p>Abanico de calidad hecho en Espa\u00f1a con foto de los ni\u00f1@s para un recuerdo de comuni\u00f3n inolvidable.<\/p>\n<p>Sorprenda los invitados de su comuni\u00f3n con este abanico personalizado con foto.<\/p>\n<p>Abanico de madera natural y tela 23cm<\/p>\n<p>Tela blanca.<\/p>\n<p>Impresi\u00f3n personalizada a todo color.<\/p>\n<p>Presentado en cajita de cart\u00f3n individual color blanco<\/p>\n<p>Pedido m\u00ednimo 25 unidades. El precio baja con la cantidad.<\/p>\n<p>Un recuerdo original y \u00fanico con la foto del ni\u00f1o o de la pareja con textos y dibujos totalmente personalizados.<\/p>\n<p>Si prefieres, hacemos la impresi\u00f3n totalmente personalizada con las im\u00e1genes y dibujos que usted nos mande.<\/p>\n<p>Adem\u00e1s, posibilidad de imprimir texto en la primera varilla del abanico (1,2\u20ac adicional por abanico) Cons\u00faltenos<\/p>\n<p>Modo de compra:<\/p>\n<p>Una vez enviado el pedido, enviar la foto con buena calidad a nuestro email: info@misdetallesdeboda.com<br \/>\nAntes de confirmar el pago del pedido la imprenta hace una imagen de muestra de como queda el abanico para que el cliente pueda visualizar, aprobar y as\u00ed se inicia la fabricaci\u00f3n.<br \/>\n<strong>Plazo de entrega abanicos personalizados: 7- 15 d\u00edas cons\u00faltenos<\/strong><\/p>\n","protected":false},"excerpt":{"rendered":"<p>Original abanico, modelo formas geom\u00e9tricas y flores azules, personalizado con foto para recuerdo de comuni\u00f3n. Abanico de calidad hecho en Espa\u00f1a con foto de los ni\u00f1@s para un recuerdo de comuni\u00f3n inolvidable. Sorprenda los invitados [&hellip;]<\/p>\n","protected":false},"featured_media":13923,"template":"","meta":[],"product_brand":[],"product_cat":[18],"product_tag":[],"class_list":{"0":"post-14484","1":"product","2":"type-product","3":"status-publish","4":"has-post-thumbnail","6":"product_cat-abanico_personalizado","7":"clearfix","9":"first","10":"instock","11":"shipping-taxable","12":"purchasable","13":"product-type-simple"},"_links":{"self":[{"href":"https:\/\/www.misdetallesdeboda.com\/detalles\/wp-json\/wp\/v2\/product\/14484","targetHints":{"allow":["GET"]}}],"collection":[{"href":"https:\/\/www.misdetallesdeboda.com\/detalles\/wp-json\/wp\/v2\/product"}],"about":[{"href":"https:\/\/www.misdetallesdeboda.com\/detalles\/wp-json\/wp\/v2\/types\/product"}],"wp:featuredmedia":[{"embeddable":true,"href":"https:\/\/www.misdetallesdeboda.com\/detalles\/wp-json\/wp\/v2\/media\/13923"}],"wp:attachment":[{"href":"https:\/\/www.misdetallesdeboda.com\/detalles\/wp-json\/wp\/v2\/media?parent=14484"}],"wp:term":[{"taxonomy":"product_brand","embeddable":true,"href":"https:\/\/www.misdetallesdeboda.com\/detalles\/wp-json\/wp\/v2\/product_brand?post=14484"},{"taxonomy":"product_cat","embeddable":true,"href":"https:\/\/www.misdetallesdeboda.com\/detalles\/wp-json\/wp\/v2\/product_cat?post=14484"},{"taxonomy":"product_tag","embeddable":true,"href":"https:\/\/www.misdetallesdeboda.com\/detalles\/wp-json\/wp\/v2\/product_tag?post=14484"}],"curies":[{"name":"wp","href":"https:\/\/api.w.org\/{rel}","templated":true}]}}