{"id":13804,"date":"2024-06-13T16:49:32","date_gmt":"2024-06-13T16:49:32","guid":{"rendered":"https:\/\/www.misdetallesdeboda.com\/detalles\/?post_type=product&#038;p=13804"},"modified":"2024-09-19T18:21:58","modified_gmt":"2024-09-19T18:21:58","slug":"arbol-de-algarrobo-decorado-con-puntilla-rosa-copia","status":"publish","type":"product","link":"https:\/\/www.misdetallesdeboda.com\/detalles\/producto\/arbol-de-algarrobo-decorado-con-puntilla-rosa-copia\/","title":{"rendered":"\u00c1rbol de olivo"},"content":{"rendered":"<p>\ud83c\udf3f Arbolitos de Olivo Decorados con Saco de Yute: Elegancia y Simbolismo Natural \ud83c\udf3f<br \/>\nCelebra momentos especiales con nuestros encantadores arbolitos de olivo decorados con saco de yute, el regalo perfecto que representa paz, prosperidad y amor duradero. Ideal para bodas, bautizos y comuniones, estos arbolitos no solo embellecer\u00e1n tu evento, sino que tambi\u00e9n dejar\u00e1n una huella ecol\u00f3gica positiva.<\/p>\n<p>Por Qu\u00e9 Elegir Nuestros Arbolitos de Olivo:<br \/>\n\ud83c\udf31 Simbolismo y Tradici\u00f3n:<\/p>\n<p>El olivo simboliza paz, sabidur\u00eda y longevidad, haciendo de estos arbolitos el regalo perfecto para celebrar uniones y momentos especiales.<br \/>\n\ud83c\udf81 Presentaci\u00f3n Elegante:<\/p>\n<p>Cada arbolito viene adornado con un delicado saco de yute y atado con una cinta de rafia, a\u00f1adiendo un toque r\u00fastico y sofisticado a tu celebraci\u00f3n.<br \/>\n\u267b\ufe0f Sostenibilidad:<\/p>\n<p>Comprometidos con el medio ambiente, nuestros arbolitos de olivo son una opci\u00f3n ecol\u00f3gica y sostenible que contribuye a la reforestaci\u00f3n y conservaci\u00f3n de la naturaleza.<br \/>\n\u2728 Versatilidad y Utilidad:<\/p>\n<p>Adem\u00e1s de ser un hermoso recuerdo de tu d\u00eda especial, estos arbolitos pueden ser plantados despu\u00e9s del evento, creciendo junto con el amor y los recuerdos compartidos.<br \/>\nCon mucho cari\u00f1o ofrecemos estos arbolitos de algarrobo como alternativa ecol\u00f3gica para recuerdo de invitados.<\/p>\n<p>Producto nacional, aut\u00f3ctono y vivo.<\/p>\n<p>Desde nuestros colaboradores el vivero Punk Plants se est\u00e1 sembrando con mucho mimo y amor estos \u00e1rboles de algarrobo para recuerdo.<br \/>\nEl algarrobo es una especie aut\u00f3ctona, muy adaptado al clima mediterr\u00e1neo, prospera con poca agua y en pocos a\u00f1os nos regala sus frutos, fuente de vitaminas y un super alimento.<br \/>\nUn recuerdo vivo que har\u00e1n sus invitados acordarse por muchos a\u00f1os de este evento especial.<\/p>\n<p>Tama\u00f1o arbolito: aprox 15- 20cm.<\/p>\n<p>Decorado con saco de yute blanco, lazo y tarjeta Let Love Grow.<\/p>\n<p>Con respeto y simbiosis con el medio, sin pesticidas ni herbicidas, nutridos con humus de lombriz.<\/p>\n<p>Pedido m\u00ednimo 10 unidades.<\/p>\n<p>Plazo de env\u00edo: los pedidos deben ser realizados como m\u00ednimo 15 d\u00edas de antelaci\u00f3n a la fecha del evento.<\/p>\n","protected":false},"excerpt":{"rendered":"<p>\ud83c\udf3f Arbolitos de Olivo Decorados con Saco de Yute: Elegancia y Simbolismo Natural \ud83c\udf3f Celebra momentos especiales con nuestros encantadores arbolitos de olivo decorados con saco de yute, el regalo perfecto que representa paz, prosperidad [&hellip;]<\/p>\n","protected":false},"featured_media":13781,"template":"","meta":[],"product_brand":[],"product_cat":[269],"product_tag":[],"class_list":{"0":"post-13804","1":"product","2":"type-product","3":"status-publish","4":"has-post-thumbnail","6":"product_cat-arbol-de-huellas","7":"clearfix","9":"first","10":"outofstock","11":"shipping-taxable","12":"purchasable","13":"product-type-simple"},"_links":{"self":[{"href":"https:\/\/www.misdetallesdeboda.com\/detalles\/wp-json\/wp\/v2\/product\/13804","targetHints":{"allow":["GET"]}}],"collection":[{"href":"https:\/\/www.misdetallesdeboda.com\/detalles\/wp-json\/wp\/v2\/product"}],"about":[{"href":"https:\/\/www.misdetallesdeboda.com\/detalles\/wp-json\/wp\/v2\/types\/product"}],"wp:featuredmedia":[{"embeddable":true,"href":"https:\/\/www.misdetallesdeboda.com\/detalles\/wp-json\/wp\/v2\/media\/13781"}],"wp:attachment":[{"href":"https:\/\/www.misdetallesdeboda.com\/detalles\/wp-json\/wp\/v2\/media?parent=13804"}],"wp:term":[{"taxonomy":"product_brand","embeddable":true,"href":"https:\/\/www.misdetallesdeboda.com\/detalles\/wp-json\/wp\/v2\/product_brand?post=13804"},{"taxonomy":"product_cat","embeddable":true,"href":"https:\/\/www.misdetallesdeboda.com\/detalles\/wp-json\/wp\/v2\/product_cat?post=13804"},{"taxonomy":"product_tag","embeddable":true,"href":"https:\/\/www.misdetallesdeboda.com\/detalles\/wp-json\/wp\/v2\/product_tag?post=13804"}],"curies":[{"name":"wp","href":"https:\/\/api.w.org\/{rel}","templated":true}]}}