{"id":10482,"date":"2019-03-12T10:29:34","date_gmt":"2019-03-12T10:29:34","guid":{"rendered":"http:\/\/www.misdetallesdeboda.com\/detalles\/?post_type=product&#038;p=10482"},"modified":"2024-03-04T10:42:48","modified_gmt":"2024-03-04T10:42:48","slug":"hucha-emoticonos-surtidas","status":"publish","type":"product","link":"https:\/\/www.misdetallesdeboda.com\/detalles\/producto\/hucha-emoticonos-surtidas\/","title":{"rendered":"Hucha emoticonos surtidas"},"content":{"rendered":"<p>HUCHA EMOTICONOS RECUERDO PARA NI\u00d1OS<\/p>\n<p>Originales y divertidas huchas infantiles con las caritas del whatsapp.<\/p>\n<p>Se sirven en 6 dise\u00f1os surtidos.<\/p>\n<p>Medidas: 10,1 x 10 x 9cm<br \/>\nPedido m\u00ednimo 10 unidades<\/p>\n","protected":false},"excerpt":{"rendered":"<p>HUCHA EMOTICONOS RECUERDO PARA NI\u00d1OS Originales y divertidas huchas infantiles con las caritas del whatsapp. Se sirven en 6 dise\u00f1os surtidos. Medidas: 10,1 x 10 x 9cm Pedido m\u00ednimo 10 unidades<\/p>\n","protected":false},"featured_media":5727,"template":"","meta":[],"product_brand":[],"product_cat":[158],"product_tag":[258],"class_list":{"0":"post-10482","1":"product","2":"type-product","3":"status-publish","4":"has-post-thumbnail","6":"product_cat-huchas","7":"product_tag-detalle-emoticonos","8":"clearfix","10":"first","11":"outofstock","12":"shipping-taxable","13":"purchasable","14":"product-type-simple"},"_links":{"self":[{"href":"https:\/\/www.misdetallesdeboda.com\/detalles\/wp-json\/wp\/v2\/product\/10482","targetHints":{"allow":["GET"]}}],"collection":[{"href":"https:\/\/www.misdetallesdeboda.com\/detalles\/wp-json\/wp\/v2\/product"}],"about":[{"href":"https:\/\/www.misdetallesdeboda.com\/detalles\/wp-json\/wp\/v2\/types\/product"}],"wp:featuredmedia":[{"embeddable":true,"href":"https:\/\/www.misdetallesdeboda.com\/detalles\/wp-json\/wp\/v2\/media\/5727"}],"wp:attachment":[{"href":"https:\/\/www.misdetallesdeboda.com\/detalles\/wp-json\/wp\/v2\/media?parent=10482"}],"wp:term":[{"taxonomy":"product_brand","embeddable":true,"href":"https:\/\/www.misdetallesdeboda.com\/detalles\/wp-json\/wp\/v2\/product_brand?post=10482"},{"taxonomy":"product_cat","embeddable":true,"href":"https:\/\/www.misdetallesdeboda.com\/detalles\/wp-json\/wp\/v2\/product_cat?post=10482"},{"taxonomy":"product_tag","embeddable":true,"href":"https:\/\/www.misdetallesdeboda.com\/detalles\/wp-json\/wp\/v2\/product_tag?post=10482"}],"curies":[{"name":"wp","href":"https:\/\/api.w.org\/{rel}","templated":true}]}}