{"id":10464,"date":"2019-03-12T08:32:39","date_gmt":"2019-03-12T08:32:39","guid":{"rendered":"http:\/\/www.misdetallesdeboda.com\/detalles\/?post_type=product&#038;p=10464"},"modified":"2024-05-18T17:17:30","modified_gmt":"2024-05-18T17:17:30","slug":"abanico-de-sandalo-19cm","status":"publish","type":"product","link":"https:\/\/www.misdetallesdeboda.com\/detalles\/producto\/abanico-de-sandalo-19cm\/","title":{"rendered":"Abanico madera de s\u00e1ndalo 21cm calado"},"content":{"rendered":"<p>Abanico de madera de s\u00e1ndalo para recuerdo de boda bautizo y comuni\u00f3n<\/p>\n<p>Madera con suave perfume natural a s\u00e1ndalo<\/p>\n<p>Abanico b\u00e1sico, un complemento indispensable para regalar a los invitados en las bodas de verano. <\/p>\n<p>Medida 21cm<\/p>\n<p>Pedido m\u00ednimo 20 unidades.<\/p>\n","protected":false},"excerpt":{"rendered":"<p>Abanico de madera de s\u00e1ndalo para recuerdo de boda bautizo y comuni\u00f3n Madera con suave perfume natural a s\u00e1ndalo Abanico b\u00e1sico, un complemento indispensable para regalar a los invitados en las bodas de verano. Medida [&hellip;]<\/p>\n","protected":false},"featured_media":10455,"template":"","meta":[],"product_brand":[],"product_cat":[13],"product_tag":[],"class_list":{"0":"post-10464","1":"product","2":"type-product","3":"status-publish","4":"has-post-thumbnail","6":"product_cat-abanicos","7":"clearfix","9":"first","10":"instock","11":"shipping-taxable","12":"purchasable","13":"product-type-simple"},"_links":{"self":[{"href":"https:\/\/www.misdetallesdeboda.com\/detalles\/wp-json\/wp\/v2\/product\/10464","targetHints":{"allow":["GET"]}}],"collection":[{"href":"https:\/\/www.misdetallesdeboda.com\/detalles\/wp-json\/wp\/v2\/product"}],"about":[{"href":"https:\/\/www.misdetallesdeboda.com\/detalles\/wp-json\/wp\/v2\/types\/product"}],"wp:featuredmedia":[{"embeddable":true,"href":"https:\/\/www.misdetallesdeboda.com\/detalles\/wp-json\/wp\/v2\/media\/10455"}],"wp:attachment":[{"href":"https:\/\/www.misdetallesdeboda.com\/detalles\/wp-json\/wp\/v2\/media?parent=10464"}],"wp:term":[{"taxonomy":"product_brand","embeddable":true,"href":"https:\/\/www.misdetallesdeboda.com\/detalles\/wp-json\/wp\/v2\/product_brand?post=10464"},{"taxonomy":"product_cat","embeddable":true,"href":"https:\/\/www.misdetallesdeboda.com\/detalles\/wp-json\/wp\/v2\/product_cat?post=10464"},{"taxonomy":"product_tag","embeddable":true,"href":"https:\/\/www.misdetallesdeboda.com\/detalles\/wp-json\/wp\/v2\/product_tag?post=10464"}],"curies":[{"name":"wp","href":"https:\/\/api.w.org\/{rel}","templated":true}]}}